 - 21*b. Calculate the highest common divisor of 18 and b.
9
Let s be ((-6)/4 - -4)*78/5. Let v = s - 20. Calculate the greatest common factor of v and 76.
19
Let d be (-3)/6 - 121/(-2). Let o(a) = 0*a - 10*a - 124 - 7*a + 63. Let p be o(-5). What is the greatest common divisor of d and p?
12
Suppose 0 = 4*s + 2*c - 5562, -6*s - 5*c = -4*s - 2785. Calculate the greatest common divisor of s and 40.
10
Suppose 26*i + a = 31*i - 9356, 0 = -2*i + a + 3740. Calculate the highest common divisor of i and 1170.
234
Let f = -8 - -6. Let q be f/(-4)*(-12)/3. Let t be 6723/18 - q/4. Calculate the greatest common factor of 34 and t.
34
Let j = 41 - 14. Suppose 20 = 3*y - 2*v, 0 = -4*y - 3*v + 6 + 15. Let o be (2 - y/4)*(6 + 0). Calculate the greatest common factor of o and j.
3
Let o be (-119664)/(-117) + (-9)/(-39). What is the greatest common factor of o and 66?
33
Let a(z) = -z**3 + 16*z**2 - 15*z + 12. Suppose 15 = -10*k + 11*k. Let d be a(k). Let c be 0 - 13/((-13)/d). Calculate the highest common divisor of c and 192.
12
Suppose 5*i - 1806 = -4*k, -5*i + 272 = -4*k + 2138. Calculate the greatest common factor of k and 1122.
51
Suppose -2802 = 506*a - 36198. Calculate the highest common factor of 6270 and a.
66
Suppose 5*b - 129 = -4*c, -157 = -5*c + 10*b - 12*b. Suppose f = 10*f - 279. What is the highest common divisor of c and f?
31
Let m be (286/(-10) + 1)/((-3)/(-10)). Let f be (-3)/21 + m/(-7). Suppose i - 43 + 4 = 0. Calculate the greatest common divisor of f and i.
13
Let v = -3926 - -3980. What is the greatest common divisor of 58 and v?
2
Let s be (95/(-3))/(18/(-10962)). What is the highest common factor of 133 and s?
133
Let x be (-1)/3 + 1*275/15. Suppose -20 + x = l. Let n be (-130)/l*4/10. What is the highest common factor of 182 and n?
26
Let u = -27094 + 27177. Calculate the greatest common factor of 11786 and u.
83
Let s(g) = g + 5. Let i be s(-8). Let n(b) be the first derivative of -23*b**2/2 - 3*b - 186. Let v be n(i). What is the highest common factor of v and 44?
22
Let p(x) = -x**3 - 32*x**2 - x + 990. Let j be p(-31). What is the highest common divisor of j and 412?
4
Suppose 661 = -115*y + 11*y + 2221. Let z(x) = x**3 - 2*x**2 - 2. Let a be z(4). What is the highest common factor of a and y?
15
Suppose -d = 0, -3*d = 3*v - 7*d - 54. Suppose 19*l = 25 + 13. Suppose 55 + 269 = l*k. Calculate the highest common divisor of k and v.
18
Let p be -3 - (3 - (3 + 41)). Let d = 95 - p. Calculate the greatest common factor of d and 38.
19
Let t(m) = m**3 + 6*m**2 + 5*m - 11. Suppose g - 3*y + 5 + 15 = 0, -5*g = 5*y. Let h be t(g). Let f = 29 - h. Calculate the highest common divisor of f and 16.
8
Suppose 21*b + 21 = 252. Suppose 3*f - b - 88 = -2*n, 5*f - 193 = -4*n. Calculate the highest common factor of 12 and n.
6
Let h(a) = 14 - 2*a - 4*a + a**2 + 4*a**2 - 6*a**2 - 3*a. Let l be h(0). Calculate the greatest common factor of 14 and l.
14
Suppose -100 = -3*r + 41. Let a(q) = -16*q - 103. Let z be a(-6). Let w(l) = -20*l + 48. Let b be w(z). Calculate the greatest common divisor of r and b.
47
Let m = -471 + 532. Calculate the greatest common factor of 7137 and m.
61
Suppose 0*k - 30 = -5*k. Suppose 4*a = -492 + 2012. Suppose -a = -k*w + w. Calculate the greatest common divisor of 38 and w.
38
Suppose 14 = -9*n + 2*n. Let d be (48/(-18))/(n/144). Let g(b) = -3*b - 6. Let t be g(-10). Calculate the greatest common divisor of d and t.
24
Suppose 0 = -2*r - 121 + 1. Let s(i) = i**2 + 7*i + 123. Let k be s(0). Let v = k + r. What is the highest common divisor of v and 7?
7
Suppose 1272*z - 1261*z = 385. Calculate the highest common factor of z and 441.
7
Suppose 143*f = 148*f - 10, 4*s + 3*f - 5370 = 0. What is the greatest common divisor of 9 and s?
9
Suppose -5*t + h = -2*h - 49, -2*h + 18 = 3*t. Let b be 6/t - (-15)/(-4). Let a(p) = -24*p. Let r be a(b). Calculate the greatest common factor of r and 18.
18
Let t = 5951 - 3591. Suppose 9*h - t - 1897 = 0. What is the highest common divisor of h and 43?
43
Suppose 4*k - 12 = 0, 0 = -3*w + 3*k + 11 + 4. Suppose w = -2*v, 2*j - 72 = 3*v - 0. Let g be -2*1/(-2)*12. Calculate the greatest common factor of j and g.
6
Suppose -4*h + 341 = -363. Let s(i) = 2*i**3 - 3*i**2 + 4*i + 5. Let g be s(3). Calculate the highest common divisor of g and h.
44
Suppose 4 = -4*r + 8. Let y be 0 + (-4)/(-1 - r). Let p be (18 - y)*(-63)/(-12). Calculate the greatest common divisor of p and 12.
12
Let a(z) = -4*z + 42*z**2 - 43*z**2 - 10*z + 20. Let s be a(-15). Let c be s + (9 - 5)/(-4). What is the highest common divisor of 28 and c?
4
Let y be 868/18 - 4/18. Let c = -2906 - -3290. What is the greatest common factor of c and y?
48
Suppose -3*l = -4*l + 5*v - 10, 5*l - 2*v = 42. Let n be 1*-5*1/(-2)*l. Calculate the greatest common divisor of 25 and n.
25
Let o = 3271 + -3238. Suppose 3*m - 19 = -5*h + 2, -5*h + 25 = 5*m. What is the greatest common divisor of h and o?
3
Let x = 3594 - 3592. Let k = 0 + -3. Let n = -1 - k. What is the highest common divisor of n and x?
2
Suppose -p + 4*i + i = -20, -12 = 4*i. Let v be (13 - (4 - p)) + 2*-1. Calculate the highest common factor of v and 324.
12
Let f be ((84/(-8))/7)/(3/(-4)). Suppose f*k - 1518 + 478 = 0. Let b = 751 - k. Calculate the highest common factor of b and 21.
21
Let v(p) = 4 + 6*p**2 - 2*p**2 - p + 15*p**2 - 4*p. Let n(j) = -2*j - 23. Let w be n(-12). Let z be v(w). What is the greatest common factor of 18 and z?
18
Let m be 3/2 + 477/18. Suppose 0 = -2*t - 3*t - 20, -4*x + 1124 = -t. Let y be (x/15)/((-2)/(-33)). Calculate the greatest common factor of y and m.
28
Suppose 2*l = -0*l + 128. Let g = l - 30. Suppose -3366 = 387*d - 191*d - 207*d. What is the greatest common divisor of d and g?
34
Let k be ((-41246)/(-2515))/((0 - 1)/(-30)). Calculate the greatest common factor of k and 132.
12
Suppose 2*x + 5*n = -5, -976*n + 18 = 3*x - 977*n. Let b(k) = 414*k**2 + 1. Let a be b(1). What is the highest common factor of x and a?
5
Let u(q) = q**2 - q - 15. Let m = 121 - 116. Let i be u(m). What is the greatest common divisor of 115 and i?
5
Let z = -1236 - -1480. What is the greatest common divisor of 1586 and z?
122
Let q(p) = 15*p**2 - 3*p + 21. Let j be q(-4). Suppose -101 - 1719 = -5*g. Calculate the highest common divisor of j and g.
91
Let l = -15 - -27. Suppose -2*n = 3*n - 4*y + 16, -2*n + 3*y = l. Suppose 5*s - 3*t - 87 = n, 2*s + 4*t + 1 = s. What is the highest common divisor of 6 and s?
3
Let b = -2917 - -3773. Calculate the greatest common divisor of 56 and b.
8
Let p(n) = -n**2 + 8*n + 2. Let u be p(8). Let v(y) = 2*y**3 + y. Let f be v(u). Calculate the highest common factor of 90 and f.
18
Let x = 2003 - 1961. Calculate the highest common divisor of 98 and x.
14
Suppose -11*v = -9*v - 5*m - 11, -3*m + 19 = 2*v. Let g be -1*v/20*(-2 + -718). What is the greatest common factor of 9 and g?
9
Let j be (-4 - 4975/(-15)) + (-25)/(-75). Calculate the highest common divisor of j and 24.
8
Let p = 2341 - -869. What is the highest common factor of p and 30?
30
Let x be 66 + (-4)/(-24)*-18. Calculate the highest common factor of x and 123.
3
Let m = 2192 + -2188. What is the greatest common factor of 229 and m?
1
Let y = 30 + 3490. What is the highest common factor of y and 20?
20
Suppose 5*m = g - 47, -2*m + g - 2*g = 16. Let s(c) = -c**3 - 8*c**2 + 7*c + 21. Let t be s(m). Calculate the greatest common factor of 1248 and t.
39
Let w(q) = -53*q**3 - 8*q**2 - 17*q - 16. Let v be w(-3). What is the highest common factor of v and 902?
82
Let u be (20/6 - 6)/((-4)/354). Suppose 18*q - u = 250. Calculate the highest common factor of q and 1.
1
Let c = 20361 + -20351. Let z(x) = 65*x - 5. Let l be z(6). Suppose 53 = -4*g + 3*j + l, 0 = g - 2*j - 88. What is the greatest common factor of c and g?
10
Let u(b) = -16*b + 2352. Let d be u(50). Calculate the greatest common factor of d and 64.
16
Let v = 35315 - 35223. What is the highest common factor of 16652 and v?
92
Suppose -4*l + 84 = 3*n, -3*n = -3*l + n + 38. What is the highest common divisor of l and 192?
6
Let m(t) = 71*t**2 + 134*t + 5. Let r be m(-2). What is the greatest common factor of r and 1631?
7
Suppose -7715*t = -7716*t + 11 + 108. Calculate the greatest common factor of t and 84.
7